rime factors of w?
2, 5
Let h(a) = -2*a + 5. Suppose -2*m = 2*m - 5*n, 5*m = -2*n. Suppose 3*d + 0*d + u = -8, -d + 3*u - 16 = m. What are the prime factors of h(d)?
13
Let l(x) = 2*x**2 + 10*x + 9. Let b be l(-6). Suppose -g = -4*g + b. List the prime factors of g.
7
Let k(m) = -m**3 + 8*m**2 - 12*m + 20. List the prime factors of k(6).
2, 5
Suppose -5*m = -2*p + 20, -4*p + 2*m = -0 - 24. List the prime factors of p.
5
Suppose 9 = -3*i + 105. What are the prime factors of (-1)/(-1*2/i)?
2
Let z = -98 + 175. List the prime factors of z.
7, 11
Suppose 0 = -2*o + 34 + 22. Suppose 3*u - 35 = o. List the prime factors of u.
3, 7
Let i(p) = 8*p**2. Let q(g) = -g**2 - 7*g + 2. Let u be q(-7). List the prime factors of i(u).
2
Suppose -2 + 4 = -2*d. List the prime factors of d/((-54)/26 - -2).
13
Let b(a) = 11*a - 3. Let c(r) = 4*r - 1. Let l(o) = -3*b(o) + 8*c(o). Let s be l(5). Let f = 7 + s. List the prime factors of f.
3
List the prime factors of 42/(-9)*(-60)/8.
5, 7
Suppose 3*s = 5*f + 118, -2*s + 4*f = -3*s + 45. Suppose -4*x + y = -78, -48 = -5*x - 3*y + s. List the prime factors of x.
19
What are the prime factors of 2 - (-1 + -2 + -77)?
2, 41
Let d be (-4 - 6/2)/(-1). Let w = d - 5. Suppose -36 = -4*h - r, 0 = -r - w*r + 12. What are the prime factors of h?
2
Let d = 83 - 51. Let a = -14 + d. What are the prime factors of -3*3/(-9)*a?
2, 3
Let m(j) = -j**3 + 21*j**2 + 25*j - 5. What are the prime factors of m(22)?
61
Suppose -3*u = 42 - 18. Let x = -5 - u. Suppose 0 = -x*r + 14 - 2. List the prime factors of r.
2
Let y(l) = -l**2 - 17*l - 17. List the prime factors of y(-12).
43
Suppose 14*t = 11*t + 39. List the prime factors of t.
13
Let a be (-3 - -2) + (0 - -1). Let o be 1 + -1 - 0 - a. Suppose -5*j = -2*z - 38, o = 4*j + z - 0*z - 20. List the prime factors of j.
2, 3
Suppose 2*m - 3 - 89 = 0. List the prime factors of m.
2, 23
Suppose 4*i = -6*l + l + 177, -2*i - l + 87 = 0. What are the prime factors of i?
43
Let r = 22 - 13. Suppose -3*n = -5*d - 0*n + 89, -3*n - r = 0. List the prime factors of d.
2
Let a be 3/(-1 - (-260)/248). Let p = 92 - a. List the prime factors of p.
2, 3, 5
Suppose 0 = 3*w + 2*w - 10. Suppose -2*d = w*d - 124. Suppose 3*o = -4*x + d, -13 = 5*x + 3*o - 48. List the prime factors of x.
2
Let r = 4 + 29. List the prime factors of r.
3, 11
Let v = 100 + -55. Suppose -5*f + v = -0*f. List the prime factors of f.
3
Let o = -18 + 82. List the prime factors of o.
2
Suppose 81 = -2*y + 3*y + 3*n, 3*n = -3*y + 249. What are the prime factors of y?
2, 3, 7
Let x = -30 - -78. List the prime factors of x.
2, 3
What are the prime factors of (-3144)/(-60) + 4/(-10)?
2, 13
List the prime factors of ((-27)/72)/((-1)/4)*114.
3, 19
List the prime factors of 52/6*(7 - 4).
2, 13
What are the prime factors of 16/32 + (-1 - (-414)/4)?
103
List the prime factors of (-4)/16 + 2502/24.
2, 13
Let z(f) = -f**3 - 3*f**2 - 4*f - 2. Let p = -6 + 4. What are the prime factors of z(p)?
2
Let a be ((1 - 2) + 0)*-37. Let y be -1*a*(-1 + 0). Let g = y - 24. List the prime factors of g.
13
What are the prime factors of 2555/20 - 1/(-4)?
2
Let n be ((-18)/8)/(2/8). Let m = 15 + n. Suppose 3*r + m*b - 9 = 3*b, 3*b - 5 = -r. What are the prime factors of r?
2
Suppose 0 = -2*m - 5*u + 60, 2*u - 112 = -m - 2*m. What are the prime factors of m?
2, 5
Suppose -2*q + 111 = -5*x, -4*x - 4 = -0*x. Let d = q + -117. What are the prime factors of (-2)/(-3) + d/(-12)?
2, 3
Suppose 0*v + v - 65 = -5*p, 23 = 2*p + v. Suppose 4*i = b - 23, p = -b + 4*b - i. Suppose b*q = 4*f + 37 + 8, 5*f = 4*q - 59. What are the prime factors of q?
11
Suppose -4*g + 8 = 4*b - 132, 2*g - b - 55 = 0. List the prime factors of g.
2, 3, 5
Suppose n - 4*l - 13 = 93, 5*l = -n + 151. List the prime factors of n.
2, 3, 7
Let z be 1 - (1/(-1) - -2). Let r(v) = -2*v + 5 + v**3 - 2*v**3 - 4*v**2 + z*v**3. List the prime factors of r(-4).
13
Suppose l = 2*d - 14, 0 = -l + 3*d - 7 - 8. Let v = l - -20. List the prime factors of v.
2
Suppose 3*l + 0 = -15. What are the prime factors of -1 - -20 - (l + 7)?
17
List the prime factors of (3/(-2))/((-3)/62).
31
Let w = 9 + -11. What are the prime factors of (w - -4)/(4/30)?
3, 5
Let w = 0 - -27. List the prime factors of w.
3
Let v be (-4)/(-14) - 74/14. Let r(j) = j**3 + 5*j**2 - 3*j. Let p be r(v). Suppose p = 2*z + 3. List the prime factors of z.
2, 3
Let v(f) = -f**3 + 2*f**2. Suppose -3*i + 25 = 5*w - 6, 4*i = 4*w - 12. Let h be v(i). Suppose -6*o + o = 3*r - 28, h = r - 1. What are the prime factors of o?
5
Let q(y) = -5*y - 1. Let g be q(1). Suppose 2*i - 36 = -3*h, -3*h + 2*i - 50 = -7*h. Let f = g + h. List the prime factors of f.
2
What are the prime factors of (-2013)/(-24) - (-1)/8?
2, 3, 7
Let r(f) = f - 4. Let g be r(6). Let y = g - -1. Suppose -y*l = -7*l + 64. List the prime factors of l.
2
Suppose 4*p = -2*t + 296, 0 = -3*t - 0*t - 2*p + 440. What are the prime factors of t?
2, 73
Suppose o + 5*h = -0*h - 5, 3*h = o - 11. Suppose 0 = o*c - 57 - 28. List the prime factors of c.
17
What are the prime factors of (-8)/44 + (-1412)/(-22)?
2
Let o be 0/((1 + 5)/3). Suppose 3*z + o*z = 6. Suppose 3*q - 8 = -5*l, -4*l + 0 = z*q - 8. List the prime factors of l.
2
Let q be 0 - 25*(3 - 2). Let m = 52 + q. Suppose -o = 2*o - m. What are the prime factors of o?
3
Suppose -5 + 152 = r. What are the prime factors of r?
3, 7
List the prime factors of 148 - -1 - (2/2 + -2).
2, 3, 5
Let r(f) = -f**2 - 9*f - 5. Let x be r(-4). List the prime factors of x/(-6)*(-64)/10.
2
Suppose 2*c - 56 = -5*c. List the prime factors of c.
2
Suppose 2*u - 6 = -u. Let z(f) = -7*f + 3*f**3 + 11*f**2 - 5 - f**3 - 2*f**u - 3*f**3. List the prime factors of z(8).
3
Suppose 7*f - 9*f = -252. List the prime factors of f.
2, 3, 7
Suppose i - 4 = 2. What are the prime factors of i/(-9)*(-66)/4?
11
Let h(t) = t - 7. Let l be h(7). Let b = l - -5. What are the prime factors of b?
5
Let b = 1 - 0. Suppose -23 = -8*g + 3*g + i, g = 3*i - b. Suppose g*u - y - 27 = 0, 9 = 2*y + 3. What are the prime factors of u?
2, 3
Let w(q) = q**2 + 4*q + 1. Let n be w(-3). Let c(t) = -5*t + 2. List the prime factors of c(n).
2, 3
Let x(m) = -8*m - 1. Let r(a) = -a + 1. Let s(l) = 2*r(l) - x(l). What are the prime factors of s(5)?
3, 11
Suppose 4*w + 4*l - 399 = 5*l, -5*w - 5*l = -505. What are the prime factors of w?
2, 5
Suppose 0 = 4*g + 5*v + 1, -2*g + 2*v - 1 = -23. Let p be 1 - -1 - (-2 - g). Suppose q + 3 = p. What are the prime factors of q?
7
Let m be 1/((-8)/3 + 3). Suppose -5*s + p = -82, -4*s + 15 = -m*p - 44. What are the prime factors of s?
17
Let g(c) = -c + 1. Let k be g(-7). Suppose k*b = 3*b + 15. What are the prime factors of b?
3
Let t = 6 + -15. List the prime factors of t/(-6)*2 - -2.
5
Let m(p) = p**3 - 5*p**2 + p + 1. Let r(c) = -2*c**3 + 10*c**2 - 2*c - 3. Let x(b) = -11*m(b) - 6*r(b). What are the prime factors of x(5)?
2, 3
Let h be -1*2/2 + 1. Let n = h - 0. Let g(y) = -y + 9. List the prime factors of g(n).
3
Suppose 0 = g - 3*t - 34, -2*g = -g - 2*t - 29. Suppose 0 = 4*n - 3 + g. Let i = n - -6. What are the prime factors of i?
2
Suppose n + 3*z = 4, 2*n - 3*z - 9 = -8*z. Suppose 0*s + s = n. Suppose 4*f = 2*d - 8, -29 = -4*d + 2*f - s*f. What are the prime factors of d?
2, 3
Suppose -10*r + 5*r = 0. Suppose r = -4*n + 3*n + 13. What are the prime factors of n?
13
Suppose 96 = -7*u + 11*u. What are the prime factors of u?
2, 3
Let a(u) = -10*u**3 + 2*u**2 - 2*u - 4. What are the prime factors of a(-2)?
2, 11
Suppose -2*z + 0*s = -5*s - 17, 2 = 5*z + s. List the prime factors of (-3 + 3)/z + 17.
17
Let p be 32/(-8) + 62/1. Suppose -q + 3*c + p = -c, -54 = -q + 2*c. What are the prime factors of q?
2, 5
Suppose 2 = -5*v - 0*i + 4*i, -8 = 4*i. Let k be (v/2)/(-1)*4. Suppose o = k*o - 36. What are the prime factors of o?
2, 3
Let l(n) = -5*n - 4. Suppose y = -4*j + 3, -j + 5*y - 7 = 8. Suppose t + 4*t + 15 = j. List the prime factors of l(t).
11
Let h(f) = 5*f**3 - 13*f**2 - 10*f + 7. Let b(j) = 6*j**3 - 13*j**2 - 9*j + 8. Let m(k) = -4*b(k) + 5*h(k). What are the prime factors of m(14)?
3
Let p(x) = x**2 - 5*x + 2. Let l be p(5). Let w(a) = a**2 - 8 + 5*a**2 - a**3 - l*a + 4*a. What are the prime factors of w(6)?
2
Let p(n) = -3*n - 1 + 2*n + 2. What are the 